 of 69577?
41, 1697
List the prime factors of 227689.
7, 11, 2957
What are the prime factors of 1048951?
17, 61703
List the prime factors of 539833.
7, 23, 479
List the prime factors of 9437662.
2, 13, 362987
What are the prime factors of 9888057?
3, 1098673
List the prime factors of 19249508.
2, 17, 19, 47, 317
List the prime factors of 696564.
2, 3, 11, 1759
List the prime factors of 185999.
11, 37, 457
What are the prime factors of 16321?
19, 859
List the prime factors of 1052561.
1052561
What are the prime factors of 9861?
3, 19, 173
List the prime factors of 13686816.
2, 3, 11, 13, 997
What are the prime factors of 11075801?
11, 1006891
What are the prime factors of 93099?
3, 31033
List the prime factors of 1888808.
2, 179, 1319
List the prime factors of 522053.
7, 17, 41, 107
What are the prime factors of 1197493?
11, 108863
List the prime factors of 450090.
2, 3, 5, 1667
List the prime factors of 426174.
2, 3, 7, 73, 139
List the prime factors of 3615108.
2, 3, 7, 43037
List the prime factors of 171358.
2, 11, 7789
What are the prime factors of 56699?
31, 59
What are the prime factors of 459812?
2, 139, 827
List the prime factors of 263213.
263213
List the prime factors of 2590934.
2, 739, 1753
List the prime factors of 12764.
2, 3191
What are the prime factors of 2675711?
1297, 2063
List the prime factors of 5143735.
5, 1028747
List the prime factors of 490827.
3, 19, 79, 109
What are the prime factors of 708373?
17, 41669
List the prime factors of 390288.
2, 3, 47, 173
List the prime factors of 9553566.
2, 3, 11, 144751
What are the prime factors of 2936689?
7, 419527
What are the prime factors of 143370?
2, 3, 5, 59
List the prime factors of 6874.
2, 7, 491
List the prime factors of 366017.
31, 11807
List the prime factors of 142433.
142433
What are the prime factors of 658223?
17, 31, 1249
List the prime factors of 4736564.
2, 7, 139, 1217
List the prime factors of 216309.
3, 72103
What are the prime factors of 134639?
134639
List the prime factors of 2608209.
3, 179, 1619
What are the prime factors of 222309?
3, 17, 1453
What are the prime factors of 395612?
2, 7, 71, 199
What are the prime factors of 12233?
13, 941
What are the prime factors of 96198?
2, 3, 16033
List the prime factors of 534091.
534091
What are the prime factors of 6895343?
7, 13, 75773
What are the prime factors of 3682328?
2, 13, 35407
What are the prime factors of 786207?
3, 262069
What are the prime factors of 241513?
241513
What are the prime factors of 132943?
19, 6997
What are the prime factors of 413908?
2, 11, 23, 409
What are the prime factors of 206672?
2, 12917
List the prime factors of 16407.
3, 1823
List the prime factors of 195354.
2, 3, 10853
List the prime factors of 284794.
2, 131, 1087
What are the prime factors of 1253671?
31, 37, 1093
List the prime factors of 14913709.
17, 41, 21397
What are the prime factors of 203841?
3, 11, 29, 71
List the prime factors of 2839873.
19, 137, 1091
What are the prime factors of 589367?
29, 20323
What are the prime factors of 5316238?
2, 19, 139901
List the prime factors of 499390.
2, 5, 49939
List the prime factors of 1636877.
11, 67, 2221
List the prime factors of 1035893.
1035893
What are the prime factors of 3596880?
2, 3, 5, 7, 2141
What are the prime factors of 2717643?
3, 43, 21067
What are the prime factors of 11540984?
2, 7, 13, 83, 191
What are the prime factors of 13113831?
3, 4371277
List the prime factors of 16357038.
2, 3, 641, 4253
List the prime factors of 132020.
2, 5, 7, 23, 41
List the prime factors of 4581720.
2, 3, 5, 11, 13, 89
What are the prime factors of 3810108?
2, 3, 17, 19, 983
List the prime factors of 8280238.
2, 19, 217901
List the prime factors of 18337285.
5, 47, 78031
List the prime factors of 1036257.
3, 29, 43, 277
List the prime factors of 508129.
508129
What are the prime factors of 7804223?
7, 317, 3517
List the prime factors of 5500298.
2, 67, 41047
What are the prime factors of 26935969?
26935969
What are the prime factors of 1526829?
3, 508943
List the prime factors of 389009.
71, 5479
What are the prime factors of 2440305?
3, 5, 7, 61, 127
List the prime factors of 82525.
5, 3301
What are the prime factors of 311227?
7, 173, 257
List the prime factors of 1414421.
113, 12517
What are the prime factors of 647829?
3, 7, 13, 113
List the prime factors of 1551498.
2, 3, 13, 19891
What are the prime factors of 61787?
11, 41, 137
What are the prime factors of 558577?
61, 9157
List the prime factors of 4348042.
2, 103, 21107
List the prime factors of 5378984.
2, 13, 51721
List the prime factors of 50972.
2, 12743
List the prime factors of 1438998.
2, 3, 11, 21803
List the prime factors of 3614231.
1109, 3259
List the prime factors of 82233.
3, 9137
What are the prime factors of 10229201?
19, 229, 2351
List the prime factors of 244884.
2, 3, 20407
List the prime factors of 67286.
2, 17, 1979
What are the prime factors of 158420?
2, 5, 89
What are the prime factors of 427855?
5, 85571
What are the prime factors of 611637?
3, 13, 15683
What are the prime factors of 8842128?
2, 3, 184211
List the prime factors of 276437.
7, 17, 23, 101
What are the prime factors of 6698775?
3, 5, 89317
What are the prime factors of 507503?
507503
List the prime factors of 6340763.
11, 13, 29, 139
List the prime factors of 12437910.
2, 3, 5, 113, 1223
List the prime factors of 2073814.
2, 317, 3271
What are the prime factors of 19261263?
3, 7, 283, 463
List the prime factors of 4239922.
2, 1193, 1777
What are the prime factors of 558012?
2, 3, 7, 13, 73
List the prime factors of 707456.
2, 5527
List the prime factors of 10403695.
5, 997, 2087
List the prime factors of 2916298.
2, 7, 11, 29, 653
List the prime factors of 83423.
83423
What are the prime factors of 680561?
7, 17, 19, 43
List the prime factors of 27639.
3, 37, 83
What are the prime factors of 609560?
2, 5, 7, 311
List the prime factors of 1015088.
2, 63443
What are the prime factors of 149834?
2, 19, 3943
List the prime factors of 96831.
3, 7, 29, 53
List the prime factors of 23759.
23, 1033
List the prime factors of 150305.
5, 23, 1307
List the prime factors of 24408.
2, 3, 113
List the prime factors of 192783.
3, 179, 359
What are the prime factors of 982431?
3, 109159
What are the prime factors of 7718175?
3, 5, 34303
List the prime factors of 121973.
283, 431
List the prime factors of 102337.
102337
List the prime factors of 3917421.
3, 281, 1549
What are the prime factors of 331710?
2, 3, 5, 11057
What are the prime factors of 6854087?
173, 39619
What are the prime factors of 7875133?
7, 173, 929
What are the prime factors of 1633169?
1633169
List the prime factors of 616690.
2, 5, 83, 743
List the prime factors of 234759.
3, 7, 1597
List the prime factors of 582097.
17, 97, 353
What are the prime factors of 42480?
2, 3, 5, 59
What are the prime factors of 240904?
2, 30113
List the prime factors of 305551.
305551
List the prime factors of 29391022.
2, 2731, 5381
List the prime factors of 32807118.
2, 3, 149, 36697
What are the prime factors of 1158300?
2, 3, 5, 11, 13
What are the prime factors of 1581006?
2, 3, 7, 37643
List the prime factors of 206689.
7, 29527
List the prime factors of 1177684.
2, 41, 43, 167
List the prime factors of 34490.
2, 5, 3449
What are the prime factors of 193650?
2, 3, 5, 1291
What are the prime factors of 144959?
17, 8527
What are the prime factors of 8622494?
2, 4311247
What are the prime factors of 1499594?
2, 19, 31, 67
What are the prime factors of 2250376?
2, 281297
What are the prime factors of 335036?
2, 13, 17, 379
What are the prime factors of 173868?
2, 3, 14489
List the prime factors of 38583504.
2, 3, 267941
List the prime factors of 220526.
2, 71, 1553
What are the prime factors of 32773906?
2, 11, 1489723
List the prime factors of 761283.
3, 251, 337
List the prime factors of 2436199.
19, 128221
List the prime factors of 10192236.
2, 3, 849353
What are the prime factors of 34511787?
3, 37, 61, 1699
What are the prime factors of 589763?
589763
List the prime factors of 1001660.
2, 5, 11, 29, 157
List the prime factors of 7407976.
2, 925997
What are the prime factors of 15000226?
2, 7500113
List the prime factors of 768621.
3, 7, 17, 2153
What are the prime factors of 17014590?
2, 